= -26*y. Let t(o) = 6*o + 6. Let c be t(-5). Let l be (-16)/c - (-46)/3. What is the highest common factor of y and l?
16
Suppose -14*t = -0*t - 336. What is the highest common divisor of t and 152?
8
Suppose -4*s = s. Suppose s = 5*p + 5*u - 180, -5*p - 39 = -u - 195. Suppose -2*a + 3*a = 352. What is the highest common factor of p and a?
32
Let n = -1309 - -1333. Calculate the highest common divisor of 108 and n.
12
Suppose -5*o + 19 = 24. Let x be (o + 2)/(8/1200). Suppose -5*h = 5*r - 120, 2*h = -3*h + 5*r + x. What is the highest common factor of h and 18?
9
Let y = 82 + -36. Suppose -5*o = 4*c - 11, -2*c + y = -3*o + 13. Suppose -4 = b - c. Calculate the highest common factor of b and 1.
1
Let a(k) = 5*k + 2. Let n = 3 + 15. Suppose 4*w - n = 3*p, -2*w + 3*p = 1 - 7. Let d be a(w). What is the greatest common factor of 16 and d?
16
Suppose 4*q - 9 = 2*a - 25, 0 = 4*a - 4*q - 20. Let t be ((-2)/(-6))/(a/24). Suppose 2 = -c + t. What is the greatest common divisor of c and 20?
2
Suppose n = -2, -44*k + 47*k - 5*n - 55 = 0. Let w = 7 - 4. Calculate the greatest common divisor of k and w.
3
Let w be (-4)/6 - 2/(-3). Let p be -1 - (0 + w - 1). Let c(i) = -2*i + 14. Let m be c(p). Calculate the highest common factor of 154 and m.
14
Let d(m) = -2*m**2 - 49*m + 34. Let s be d(-26). Let y = 47 + s. Calculate the greatest common divisor of y and 6.
3
Suppose 5*z - 6*z + 44 = 0. Suppose -3*o + z = -2*o. Let i = o - -33. What is the highest common divisor of i and 7?
7
Suppose -21*w - 80 = -25*w. Let r = 31 - w. Calculate the highest common divisor of r and 11.
11
Let t(b) = -b**2 + 8*b + 1. Let u be -16*(1 + (-3)/2). Let m be t(u). Calculate the highest common divisor of m and 5.
1
Let u = 1 + 2. Suppose -18 = -2*a - 3*w, -2*a - w + 1 = -3*a. Calculate the highest common divisor of a and u.
3
Let m(b) = 0 + 8*b**3 + 0*b**3 + 2*b + 2 + 4*b**2 - 7*b**3. Let j be m(-3). What is the greatest common factor of 45 and j?
5
Suppose -3*j = -0*i + i - 918, 3*j - 5*i = 918. Calculate the greatest common factor of 18 and j.
18
Let b(h) be the third derivative of h**5/30 - 7*h**4/12 - 2*h**3/3 + 10*h**2. Let q be b(10). Calculate the greatest common divisor of q and 8.
8
Suppose -b + 722 = -4*m, 3*b = 2*m - 1418 + 3534. Calculate the greatest common factor of b and 54.
54
Suppose 1329*h - 1323*h = 6. What is the greatest common divisor of h and 43?
1
Suppose -23*r = -29 + 6. What is the highest common divisor of 1 and r?
1
Let m(n) = n**2 - 13*n - 40. Suppose 37 = 3*q - 14. Let s be m(q). Calculate the highest common factor of s and 56.
28
Let i(s) = s**3 + s**2 + 290. Let y be i(0). Suppose 5*v + b - y = 103, 3*b = 2*v - 147. What is the greatest common divisor of 26 and v?
26
Suppose -8*j + 49 = -j. Let t = -3 + 0. Let x be (1 - 0/t)/1. Calculate the greatest common factor of j and x.
1
Suppose 309 + 186 = 5*d. Suppose 0*b + 3*z + 205 = 4*b, 144 = 3*b + z. Let g = -38 + b. What is the greatest common divisor of g and d?
11
Let j(d) = 3*d**3 - 6*d**2 + 20*d - 10. Let i be j(5). What is the greatest common divisor of i and 70?
35
Suppose 0*r + 4*q = r - 36, 159 = 5*r + q. Let c = 57 - r. Suppose -a + c = -5. Calculate the highest common divisor of a and 6.
6
Let j be 2*-1 + 76 + -2. Let g(i) = 3*i - 15. Let v(l) = l + 8. Let f be v(0). Let c be g(f). What is the greatest common factor of c and j?
9
Suppose 3*k - 192 = -2*z - z, 4*z = -k + 76. Suppose 60 + 3 = p. Suppose 4*q - 17 = p. What is the highest common divisor of q and k?
20
Let a(t) = 43 - 2*t**2 - 85 + 38 - 6*t**2 + t**3 + 3*t. Let c be a(8). Suppose -c*l = -24*l + 48. What is the greatest common factor of l and 48?
12
Suppose c = 4*j - 144, 2*j + 3*c = -33 + 105. What is the greatest common divisor of j and 468?
36
Let k(z) be the second derivative of z**3/6 + 5*z**2 - 5*z. Let a be k(0). Calculate the greatest common factor of a and 10.
10
Let x = -58 - -60. Suppose 0 = 2*y - 7*y - 4*m + 410, -x*y = 5*m - 147. What is the highest common divisor of y and 129?
43
Let z = 63 + -15. Let u be ((-2)/4 - 0)*0. Let b(y) = -2*y + 12. Let d be b(u). Calculate the highest common factor of z and d.
12
Let c be 9/((-180)/(-208)) + 16/(-40). What is the greatest common factor of c and 810?
10
Suppose 0 = s - 0*s + 4. Let i be s*((-633)/14 - (-2)/(-7)). Calculate the highest common factor of 14 and i.
14
Let d be 28/(-49) - 895/(-35). What is the highest common divisor of d and 15?
5
Suppose 4*l - 5*i = -54, -3*l + 4*i + 4 = 45. Let c = l + 15. Suppose 0 = -8*p + c*p + 76. What is the highest common divisor of 57 and p?
19
Let s = -37 + 40. Let a = -22 - -10. Let r be (-80)/a - (-4)/(-6). What is the highest common factor of s and r?
3
Let p(o) be the first derivative of o**4/4 - 25*o - 12. Let y be p(0). Let a = y + 32. Calculate the highest common factor of 1 and a.
1
Suppose -4*t = 3*b - 1200, -b = -2*t + 7*t - 1500. What is the highest common divisor of t and 1275?
75
Suppose -d = -0*d - 20. Let a = d - 20. Let j be (234 - (-3 + a)) + -3. Calculate the greatest common divisor of 26 and j.
26
Let u(v) = 15*v**2 - 150*v + 21. Let l be u(10). What is the greatest common factor of l and 12?
3
Suppose -9*r + r = -168. What is the greatest common divisor of r and 1197?
21
Let s = 9 + -7. Suppose -i = s, -7*m - 18 = -3*m - 3*i. Let h(k) = -k**3 - k**2 - k - 6. Let u be h(m). What is the highest common factor of u and 20?
20
Let s be 6597/36 - 10/8. Calculate the highest common factor of s and 104.
26
Suppose -2*s + 206 = g, 24*s = 29*s + 4*g - 500. Let j(y) = y**3 + y**2 - 1. Let k be j(2). Let o = 23 - k. Calculate the greatest common divisor of o and s.
12
Suppose -4*m - 3456 = -36*m. Calculate the highest common divisor of 12 and m.
12
Let g = 203 + -104. Suppose u - 2 = -5, -4*u + 18 = 5*i. Let d be 1/(-3) - (-56)/i. What is the greatest common divisor of g and d?
9
Suppose 6*b - 239 = 85. What is the greatest common factor of b and 2?
2
Let m be (140/(-50))/(8/(-1420)). Calculate the highest common factor of m and 7.
7
Suppose 6*p + 7848 = 22746. What is the highest common factor of 13 and p?
13
Let u = -32 - -9. Let b = u + 184. Let x = -91 + b. What is the highest common factor of x and 28?
14
Suppose 4*j = 2*j + 210. Let v be (-4)/(-5) + (-18334)/(-445). Calculate the highest common divisor of v and j.
21
Let u be 141/(-9) - (-8)/12. Let l be 12/(-10)*2000/u. Suppose -3*b + 40 = 5*h, -24 = 2*b - 4*b - 4*h. Calculate the highest common divisor of l and b.
20
Suppose 0 = 4*z + 4 - 44. Let x = z - -12. Calculate the highest common factor of x and 11.
11
Suppose -2*q + 62 = 4*z - 18, -2*z + 4*q + 50 = 0. Let t = -15 + z. What is the greatest common factor of 6 and t?
6
Suppose -p - y = 4*y - 105, 5*p - 5*y = 435. Let q(x) = 6*x**2 + 5*x + 6. Let c be q(-3). What is the greatest common factor of c and p?
45
Let c(p) = 7*p + 169. Let x be c(-11). Calculate the highest common divisor of 2 and x.
2
Suppose -15351 - 11977 = -14*i. Calculate the greatest common factor of 122 and i.
122
Let z = -35 + 42. Let o be 70*(-1)/((-5)/2). What is the highest common divisor of z and o?
7
Let y(s) = s**3 - 3*s**2 - s + 3. Let p be y(4). Suppose 3*x + 28 = -4*c, x + x + 52 = 4*c. Let k = x - -19. Calculate the greatest common factor of k and p.
3
Suppose 2*f = 3*f + 5*t - 2, -f + t + 2 = 0. Let u = 30 - 12. What is the greatest common divisor of f and u?
2
Let d = 31 - 4. Suppose -d = -14*x + 15. Calculate the highest common factor of x and 3.
3
Let u = -559 + 739. What is the greatest common divisor of u and 40?
20
Suppose 0 = -7*w + 4*w + 198. Suppose -78 = 3*d - 5*k + 46, 140 = -5*d - 5*k. Let a = d - -55. Calculate the highest common factor of w and a.
22
Let t be (-212)/(-18) - (-2)/9. Let f = -111 + 79. Let n be (63/(-4))/(t/f). Calculate the highest common factor of n and 28.
14
Let g be 678*(44/(-12) + 4). Let j = g + -87. Let z = j + -94. What is the highest common divisor of 18 and z?
9
Let c(l) = -l**2 + 61*l - 292. Let w be c(25). What is the greatest common divisor of w and 76?
76
Let l(r) = r**3 + 2*r**2 + r + 2. Let y be l(-2). Suppose 4*c - c - 5*o - 776 = y, -2*c - 4*o + 488 = 0. Calculate the greatest common divisor of 36 and c.
36
Suppose -176 = -10*j + 324. What is the highest common factor of j and 650?
